 are the prime factors of -4*((-69109118)/(-104))/(-37)?
19, 199
Let b be 3 + 5 + -3 - (-1 + 2). Suppose -72 = -3*g + 2*d, -b*g + 3*d + 75 = -g. List the prime factors of (-4)/g + (-9279)/(-33).
281
Let q(v) be the first derivative of 126*v**2 + 2*v + 1. Suppose 11 = -l - 3*j, -9 + 16 = -5*l - 3*j. List the prime factors of q(l).
2, 127
Let u = -246 + 336. Let x be ((-48)/(-10))/(27/180). Let j = u - x. List the prime factors of j.
2, 29
Let d = -8602 + 13417. What are the prime factors of d?
3, 5, 107
Suppose 3*n - 16730 = -5*f + 37656, 4*n + 4*f - 72528 = 0. What are the prime factors of n?
7, 2591
Suppose -4*p + p - 1851 = -2*z, 6432 = 7*z + 5*p. List the prime factors of z.
3, 307
Let l(h) = 2*h**2 - 5*h + 2. Let y be l(3). Suppose -5*c = 2 - 12, -y*j - 1015 = 5*c. Let f = -137 - j. List the prime factors of f.
2, 17
Suppose 17*z + 1966 = 19*z. Let q = z + -688. Suppose -176 = -3*i - s, -2*s = -0*i + 5*i - q. What are the prime factors of i?
3, 19
Let x = -55 + 60. Let c = x - -159. What are the prime factors of c?
2, 41
Suppose 42 + 318 = 9*s. Suppose s*y = 10*y + 9090. What are the prime factors of y?
3, 101
Let r(y) = 803*y**2 - 23*y + 4. List the prime factors of r(2).
2, 5, 317
Suppose 4*f = g + 4, 2*g = -2*g + 5*f - 5. Suppose -2*q - 2 + 28 = g. Suppose -q*t + 4*t = -270. What are the prime factors of t?
2, 3, 5
Let n(v) = 62*v**3 - 3*v - 1. Let l be n(-1). What are the prime factors of ((-65)/(-20))/((-1)/l)?
3, 5, 13
Let q(d) = -17*d**3 + 4*d**2 + 29*d - 13. What are the prime factors of q(-7)?
3, 13, 149
Suppose 2*l - 24 = -v, -6*v + v + 2*l + 96 = 0. Suppose 95 = v*j - j. Suppose -3*i - 820 = -4*w, -w - w - j*i = -436. What are the prime factors of w?
2, 13
Let o(s) = -s**2 - 6*s + 6. Let u be o(-10). Let d = 58 + u. Let c = d + -16. What are the prime factors of c?
2
Suppose 3*r - 2*n - 2 = 2*r, 2*r - 2 = 2*n. Suppose r = 3*m + 1 - 16. Suppose -7*t + m*t + 90 = 0. What are the prime factors of t?
3, 5
List the prime factors of 16 + -17 - (-47496)/6.
5, 1583
Suppose -49 = 5*m + 71. Let k be -3*4/m*454. Suppose -18 = -5*n + k. What are the prime factors of n?
7
What are the prime factors of (2 + -5)/((1935/877470)/(-43))?
2, 11, 2659
Let w be (-12)/20*(-5)/(1/1). Suppose -4*s = -w*s - 78. Suppose -4*x + 450 = s. List the prime factors of x.
3, 31
Let w(z) = 2*z**2 - 46. Let c be w(0). List the prime factors of (c/3)/((-14)/252).
2, 3, 23
Let p(k) = 2*k**3 + 6*k**2 + 16*k - 2. Let g be p(-6). Let v = g + 853. List the prime factors of v.
7, 11
Suppose -4*y = -13073 - 15843. What are the prime factors of y?
7229
Let j(i) = 663*i**2 + 2*i - 3. Let m be -5 + 2 + 5/((-5)/(-4)). What are the prime factors of j(m)?
2, 331
Let c(t) = 11760*t**2 - 44*t - 37. List the prime factors of c(-1).
7, 41
Suppose 32*z + 7364 = 39*z. Suppose 5*t = 3*s - s - z, -5*t + 2074 = 4*s. What are the prime factors of s?
521
Let u be 1 + -6 + 1 + 7. Suppose -p + 4*j = 4*p - 3199, -u*p + 2*j + 1919 = 0. What are the prime factors of p?
3, 71
Let q = 1598 + -467. Let s = q + -642. Suppose 4*t = o + 571, 3*t - s = 2*o - 57. List the prime factors of t.
2, 71
Let j(v) = 5*v - 1. Let q be j(1). Let z be -36*((-14)/4 + 0). Suppose -2*f + 4*b - z = -q*f, -5*f + 4*b + 301 = 0. What are the prime factors of f?
61
Suppose 6809 + 1443 = 3*p - 4*l, -3*p - 2*l = -8276. Suppose 2*k = 2*y + 1834, -5*k - p = -8*k + 4*y. List the prime factors of k.
2, 3, 19
Suppose -4*h = -5*i + 21147, -798*h + 799*h = 2*i - 8460. What are the prime factors of i?
4231
Let i(u) = u + 20. Let s be i(-9). Suppose s*k - 4*k = 5355. List the prime factors of k.
3, 5, 17
Suppose -3*s - 129*a + 11733 = -133*a, 4*s = -5*a + 15613. What are the prime factors of s?
3907
Let i(d) = 540*d**3 + 2*d**2 - 39*d + 121. What are the prime factors of i(3)?
2, 7, 149
Let m = 715 - -385. Suppose r - 3*r = -m. What are the prime factors of r?
2, 5, 11
Let s = 325 + -349. Let d(h) = -7*h + 53. What are the prime factors of d(s)?
13, 17
Suppose -4*t + 6*k - 3*k = -17483, -4*t - 5*k = -17475. Suppose 4*y = -y + t. What are the prime factors of y?
2, 19, 23
Suppose -241650 = -14*s - 3*s + 4*y, -5*s - 3*y = -71061. List the prime factors of s.
2, 3, 23, 103
Suppose -4*t - 37 = -3*m - 145, -4*m = 5*t - 166. Suppose z - 4*z + 3*q + t = 0, 3*q = z - 18. Suppose z*s - 505 = s. What are the prime factors of s?
101
List the prime factors of 6842 + (-150)/72*-3 + 11/(-44).
2, 107
Let v(z) = 4*z + 8. Let q be v(10). Let f be (3 + q)*((-22)/6 - -3). List the prime factors of 1*10/(-4)*f.
5, 17
Let r(i) = -i**3 + 13*i**2 + 18*i - 49. Let x be r(14). Let d(b) = 15*b**2 + 6*b - 1. List the prime factors of d(x).
2, 97
Let k = 33965 + -13816. What are the prime factors of k?
20149
Suppose 1100*w + 187110 = 1181*w. What are the prime factors of w?
2, 3, 5, 7, 11
Let y be (-3 + 2)*1/1. Let c be (-115 - -118) + 204/(-2). What are the prime factors of -4*(y/(-4))/(1/c)?
3, 11
Let o = -89 + 60. Let m = -81 + 113. Let l = m + o. What are the prime factors of l?
3
Suppose 201 = 8*j + 59*j. Let s(x) = x**3 - 2*x**2 - 2*x - 3. Let i be s(-2). What are the prime factors of j + ((-219)/(-15))/((-3)/i)?
2, 19
Suppose 0 = x + c - 20180, -109*x + 3*c = -113*x + 80724. What are the prime factors of x?
2, 3, 29
Let z(q) = -1314*q + 26723. List the prime factors of z(0).
26723
Let j be (4 + 159/(-15))*-5. Let o = j - 17. Suppose -5*f - 2*y = 4 - o, -4*f - 5*y = -13. What are the prime factors of f?
2
Let m = 511 - 55. Let u = m + -144. Let l = u + -173. List the prime factors of l.
139
Let x be (-47 + 46)*(-19 + 0). Suppose -7*c - 1716 = -x*c. List the prime factors of c.
11, 13
Let k(d) = d**3 - 6*d - 2. Let u be k(-4). Let w be (3 - 1241/34)/(1/(-2)). Let t = w - u. What are the prime factors of t?
109
Let z(o) be the second derivative of 4/3*o**4 + 8*o**2 + 0 + o + 5/3*o**3 + 1/10*o**5. What are the prime factors of z(-7)?
2, 11
Let l = 16860 - -72. What are the prime factors of l?
2, 3, 17, 83
Let i(d) = 16*d + 175. Let n be i(-11). What are the prime factors of 4/6 - (n + 3056/(-6))?
7, 73
Suppose 1279*j = 1248*j + 1815764 - 132061. List the prime factors of j.
7, 7759
Suppose 12*t - 13024 = -12795 + 88139. What are the prime factors of t?
2, 7, 263
Let l(b) = -1065*b**3 - 35*b**2 - 7*b + 14. What are the prime factors of l(-3)?
5, 17, 67
Let z = 62 + -32. Let s be (-14)/(-6) - z/(-45). Suppose 4*t - 142 - 542 = -a, s*t - 526 = -4*a. What are the prime factors of t?
2, 5, 17
Suppose 5*q + 6 = -2*z + 4*z, -2*q - z = -3. Suppose q = -0*b + 5*b - 10. Suppose 3*v + b*c - 97 = 0, -82 = 4*v - 7*v + c. List the prime factors of v.
29
Let l(f) = 1444*f**2 + 785*f + 5427. What are the prime factors of l(-7)?
2, 47
Suppose -5*f + 2*v = -20, 8*f - 3*f = -3*v + 45. List the prime factors of (2 - (-874)/f)/(4/12).
443
Suppose 44*l - 23568 - 365480 = 0. What are the prime factors of l?
2, 4421
Suppose -p + 1241 = 4*s, -3*p + 2*p + 1217 = -2*s. Suppose p = 5*g - 1100. List the prime factors of g.
3, 5, 31
Let w = 1848 + 1100. List the prime factors of w.
2, 11, 67
Let y be 4*(-1)/(-2) + -3 + 1. Let m be -4 + (9 - 0 - y). Suppose 138 = m*b - 287. List the prime factors of b.
5, 17
Suppose -q + x = 6*x + 25, 3*x = q - 15. Let c be ((q + 0 + 0)/4)/2. Suppose 4*t = 5*r - 705, -3*r + 406 = -c*r + t. What are the prime factors of r?
137
Let r(b) be the third derivative of 0*b - 1/4*b**4 + 0 - 1/6*b**3 + 26*b**2. What are the prime factors of r(-13)?
7, 11
What are the prime factors of 125/(-25)*(-30926)/35?
2, 47
Let k be -5*(-5)/75*(18 - -6). What are the prime factors of ((-125)/15 + k)*(-58 - -1)?
19
Let j(z) = 11*z**3 + 1. Let f be j(-1). List the prime factors of ((-5)/f)/(2/480).
2, 3, 5
Suppose -5*u - 4*t + 5 = 0, 1 = -u + 2*u + t. What are the prime factors of (u - 12/8)*(10 + -968)?
479
Suppose -4*m + 4*j + 104 = 0, -2*m - 3*j + 85 = 33. Suppose -u + 27486 = m*u. List the prime factors of u.
2, 509
Let f(z) = -4*z**3 - 15*z**2 - 31*z + 21. Let k(p) = -5*p**3 - 14*p**2 - 32*p + 21. Let a(o) = -4*f(o) + 3*k(o). List the prime factors of a(-15).
2, 3, 13
Suppose -11 = -5*h - 3*x, 0 = -2*h - 4*x + 4 - 8. Suppose 2*v - t = 747, 2*t - 1210 - 280 = -h*v. What are the prime factors of v?
373
List the prime factors of 19/(266/(-84)) + 2942.
2, 367
Let u(l) =